?
800
What is the greatest common factor of 18347010 and 2862?
318
What is the greatest common divisor of 741190336 and 64?
64
What is the highest common divisor of 168371315 and 595?
595
Calculate the highest common divisor of 153 and 412233.
51
What is the highest common factor of 9405 and 801900?
495
Calculate the highest common factor of 63463876 and 3724.
532
Calculate the highest common divisor of 5089 and 13269931.
727
Calculate the greatest common factor of 79177061 and 86.
43
What is the highest common divisor of 78 and 124244731?
13
Calculate the highest common factor of 7662456 and 651.
93
Calculate the highest common factor of 24372909 and 2178.
1089
Calculate the highest common factor of 34449609 and 4244.
1061
Calculate the highest common divisor of 35808464 and 10736.
976
What is the greatest common divisor of 2030 and 36921990?
70
Calculate the highest common factor of 7096 and 309563.
887
Calculate the greatest common divisor of 1331880 and 1896.
24
What is the highest common factor of 470 and 3047630?
10
What is the greatest common divisor of 654 and 83154?
6
What is the greatest common factor of 265 and 5906691?
53
Calculate the highest common factor of 35092806 and 13454.
434
What is the greatest common divisor of 5788116 and 126?
18
Calculate the greatest common divisor of 95151672 and 59400.
2376
Calculate the greatest common divisor of 18869207 and 7.
7
What is the greatest common factor of 387412114 and 1283?
1283
Calculate the greatest common divisor of 307850 and 24367150.
2350
Calculate the highest common divisor of 88457074 and 2036.
1018
What is the greatest common divisor of 1036657404 and 19?
19
Calculate the highest common divisor of 817 and 238792.
19
What is the greatest common divisor of 7840148 and 46?
46
What is the greatest common divisor of 29538 and 62881479?
4923
What is the greatest common factor of 45333814 and 8348?
4174
Calculate the greatest common factor of 516 and 63828684.
516
What is the highest common divisor of 795571 and 14?
7
What is the highest common factor of 228 and 381478599?
57
Calculate the highest common divisor of 24 and 208059108.
12
Calculate the highest common divisor of 100 and 444700.
100
What is the highest common divisor of 12 and 42573072?
12
What is the highest common factor of 13264 and 2806994?
1658
What is the greatest common divisor of 56247983 and 883?
883
What is the greatest common divisor of 4772964 and 672?
84
What is the highest common divisor of 17 and 432303?
1
Calculate the highest common factor of 235195 and 1872125.
85
What is the highest common divisor of 359560 and 734962?
178
Calculate the highest common factor of 7167825 and 22140.
5535
Calculate the greatest common factor of 111510 and 2177415.
135
Calculate the greatest common divisor of 1233 and 7336213.
137
What is the greatest common divisor of 91 and 298729158?
91
What is the greatest common factor of 3212 and 285604?
44
Calculate the highest common factor of 64285 and 849551.
989
Calculate the highest common factor of 75 and 17870975.
25
Calculate the highest common divisor of 4751974656 and 429.
429
What is the highest common factor of 1398768 and 19068?
84
Calculate the highest common factor of 54 and 37058823.
27
Calculate the greatest common factor of 560 and 66856552.
56
Calculate the greatest common divisor of 628874 and 16732.
178
Calculate the highest common divisor of 56947 and 39556.
341
Calculate the highest common divisor of 1530 and 15319710.
90
Calculate the greatest common factor of 3014 and 358495709.
1507
Calculate the greatest common factor of 75648 and 22704.
48
What is the greatest common factor of 17674510 and 225526?
1246
Calculate the highest common divisor of 13376 and 3184951.
209
Calculate the highest common divisor of 8397 and 6705471.
933
What is the highest common divisor of 2268 and 1399162086?
1134
Calculate the greatest common factor of 2938464 and 6912.
864
Calculate the greatest common factor of 18912 and 3818451.
591
What is the highest common factor of 1590756 and 6042?
114
What is the highest common factor of 305687 and 2666?
43
Calculate the highest common divisor of 7748 and 1136572.
596
Calculate the greatest common divisor of 63654 and 2250.
6
Calculate the highest common divisor of 561 and 187186269.
51
What is the highest common divisor of 182359 and 55233?
17
What is the greatest common factor of 184443454 and 14?
2
Calculate the highest common factor of 5044 and 9424844.
52
Calculate the greatest common factor of 722825 and 3915.
145
Calculate the greatest common factor of 844 and 359849528.
844
What is the highest common divisor of 2024250 and 4170?
30
What is the greatest common factor of 4432445 and 22655?
115
What is the highest common factor of 14 and 4955626?
2
Calculate the highest common divisor of 41216 and 63664.
368
What is the greatest common divisor of 499802 and 2783284?
1858
What is the greatest common divisor of 11721787 and 7?
7
What is the highest common factor of 1393 and 940275?
1393
Calculate the highest common divisor of 233611081 and 11.
11
What is the greatest common divisor of 6819645 and 8988?
2247
What is the highest common divisor of 14638077 and 729?
243
Calculate the highest common divisor of 46170 and 58830.
30
What is the greatest common divisor of 70884 and 37455?
33
What is the highest common divisor of 4295512 and 1133?
103
What is the highest common divisor of 147616222 and 70946?
3734
Calculate the highest common factor of 30 and 184471340.
10
Calculate the highest common divisor of 2975 and 19145315.
595
Calculate the greatest common divisor of 6 and 5544668.
2
What is the highest common divisor of 841737 and 282048?
4407
What is the greatest common divisor of 39 and 14823653?
13
Calculate the highest common divisor of 2366 and 24619.
7
What is the highest common factor of 231329351 and 38?
19
Calculate the highest common factor of 296208 and 4318.
34
Calculate the highest common divisor of 356587 and 2.
1
What is the greatest common factor of 48640 and 108015?
95
Calculate the greatest common factor of 382032 and 513072.
1008
What is the highest common factor of 637 and 20172271?
49
Calculate the highest common divisor of 6419315 and 148.
37
Calculate the highest common factor of 95 and 1866536345.
95
What is the highest common factor of 94142715 and 30?
15
Calculate the highest common factor of 15419500 and 60.
20
What is the highest common divisor of 99600 and 1721088?
3984
Calculate the highest common factor of 23360 and 10002752.
4672
Calculate the greatest common divisor of 1515805 and 119.
17
Calculate the highest common divisor of 36544 and 1092323.
571
Calculate the greatest common factor of 1173877 and 1767.
589
Calculate the highest common divisor of 13676 and 375467742.
6838
What is the greatest common factor of 76815199 and 2104?
263
What is the greatest common factor of 843908 and 884?
52
Calculate the highest common factor of 1165499 and 20132.
719
What is the highest common divisor of 175598 and 2831?
19
Calculate the highest common divisor of 16708257 and 405.
9
What is the greatest common factor of 27 and 83436183?
27
Calculate the highest common divisor of 811976191 and 247.
247
What is the highest common divisor of 2983554 and 28350?
1134
What is the highest common factor of 17352 and 389808?
72
What is the greatest common divisor of 82417492 and 3544?
1772
Calculate the highest common divisor of 120978 and 6909.
141
Calculate the greatest common divisor of 1078419480 and 408.
408
What is the highest common factor of 13716387 and 7248?
453
Calculate the greatest common divisor of 226505 and 558373.
509
Calculate the greatest common divisor of 6086 and 37502.
34
Calculate the greatest common divisor of 79980 and 308653484.
5332
What is the greatest common divisor of 5243 and 6209?
7
What is the highest common factor of 5 and 3245751?
1
What is the greatest common divisor of 31279215 and 4102?
293
Calculate the greatest common factor of 2320645600 and 6350.
6350
What is the greatest common factor of 7433504 and 51467?
1391
Calculate the highest common factor of 9 and 173001723.
3
What is the highest common divisor of 57 and 31145123?
19
What is the greatest common factor of 286 and 91517954?
2